0. Determine t(w).
-4
Let w = 27 - 12. Let c be (w/(-45))/(2/3 + -1). Let m(i) = -i**3 + c - 16*i - 14 + 2*i**3 + 17*i. What is m(0)?
-13
Let k be (2 - 2) + -1 + 3. Let v(x) be the second derivative of x**3/3 - x**2/2 - 185384*x. Determine v(k).
3
Let f(a) = -18*a**3 - 5*a**2 - 6*a - 2. Let g be f(-4). Let u(w) = g*w**3 + 1095*w**3 - 2190*w**3 + 0*w + 9 + 2*w + 9*w**2. Calculate u(9).
27
Let h(k) = k + 4. Let g be h(-3). Let a(b) = 0 + g - b - 7. Suppose 1695 = -47*p + 1977. Give a(p).
-12
Let k(z) = 3*z**3 - 5*z**2 + 1. Let h(b) = b**3 + 7*b**2 + 10*b + 2. Let q(o) = -14*o + 135. Let m be q(10). Let n be h(m). Calculate k(n).
5
Let z(y) = y**3 - 6*y**2 + y + 12. Let c = 5005 - 5001. Determine z(c).
-16
Let b(x) be the second derivative of 1/3*x**3 + 3*x**2 + 0 - 125*x. Let k be -1 - (3*1 + 0). Calculate b(k).
-2
Let x = 7840 - 7857. Let s(a) = -a**3 - 19*a**2 - 34*a - 13. Determine s(x).
-13
Let g(v) be the third derivative of v**6/120 + v**5/12 + v**4/3 + v**3/2 - 83*v**2 + 1. Determine g(-3).
-3
Let o be ((0/(-4))/8)/((-4)/(-2)). Let k(u) be the third derivative of -1/3*u**4 + 0*u - 4/3*u**3 + o - 1/60*u**5 + 14*u**2. Determine k(-8).
-8
Let v(t) = t**3 - 18*t**2 + 32*t - 16. Let w(c) = c**3 + 6*c**2 + 18*c + 421. Let s be w(-9). Give v(s).
-16
Let w be 24/228 - -286*(16/(-76))/2. Let p(h) = h**2 + 31*h + 24. Determine p(w).
-6
Let h(x) be the second derivative of -x**4/2 - x**3/3 + 24*x. Let a be ((-9)/6)/(3/4). Calculate h(a).
-20
Let q be 2 - ((-3)/(-9) - (-88)/(-12)). Let o = 18 - q. Let n = -5 + o. Let v(d) = d**2 - 5*d - 3. Determine v(n).
-7
Let p(n) = -3*n**3 + 10*n**2 + 11*n - 8. Let u(o) = -8*o**3 + 30*o**2 + 33*o - 24. Let h(d) = -11*p(d) + 4*u(d). Let z = -10626 + 10618. Give h(z).
32
Let a(y) be the third derivative of 34*y**2 + 0 + 0*y + 1/3*y**3 - 1/24*y**4. Give a(-7).
9
Suppose 77 = -2*j - 2*z + 5*z, -j - 43 = 3*z. Let g = j - -44. Let y(l) = -3*l**2 + 5*l - 2. Give y(g).
-30
Let b(m) = -m**2 - 26*m - 145. Let h(w) = w**2 + 26*w + 140. Let f(c) = 4*b(c) + 5*h(c). What is f(-20)?
0
Let n be (-10 - -7) + (-2)/1 + 12. Let m(i) = -106*i - 12 + 51*i + 48*i + i**2 + 2. Calculate m(n).
-10
Let t(v) be the third derivative of v**6/360 - v**5/120 - v**4/12 + 13*v**3/2 - 15*v**2 + 1. Let z(b) be the first derivative of t(b). Calculate z(4).
10
Let u(m) be the second derivative of -m**4/12 + 110*m. Determine u(0).
0
Let l(d) = -d**3 - d**2 - 1. Suppose 0 = -3*s - 0*s - n + 101, n = 2*s - 59. Let w = 44 - s. Suppose k - w = -13. Determine l(k).
-1
Let g be (-27)/(18/72 - 13/4). Let t(r) = r**2 - 14*r + 13. Let x(z) = z**2 - 13*z + 12. Let f(y) = 3*t(y) - 4*x(y). What is f(g)?
0
Suppose 24 = 5*t - t. Let z(d) = -6*d**2 + 2 - t + 10*d + 5*d**2 + 2*d**2. Give z(-11).
7
Suppose 264 = -3*y - 2*r - 149, -y - 138 = r. Let t = 145 + y. Let m(p) = p**2 - 9*p + 10. Calculate m(t).
2
Let i = -4699 - -9399/2. Let c(t) be the first derivative of -i*t**2 + 2*t + 6. Determine c(3).
-1
Let t(z) = 39 - 9 - 33*z**2 - z - 12 - 13 - 7. Determine t(-1).
-34
Let o be 2/(-15) + (4 - 85/(-75)). Suppose o*v = -2*n - 12 - 14, -26 = 3*n + v. Let g(j) = -j**3 - 8*j**2 + 3*j - 2. What is g(n)?
-26
Let t(a) = -a**2 + 11*a - 6. Suppose -4*z + 5*z + 2*f = 94, 4*f = 2*z - 164. Let h = 98 - z. Determine t(h).
4
Let s = 5 + -17. Let d be (-51)/s - (-1 + 15/12). Let c be -12 + (350/91 - d/(-26)). Let y(a) = -a - 6. Give y(c).
2
Suppose -8*g + 67 - 19 = 0. Let n be 99/21 - (0 - g/21). Suppose -4*c - 2 = 2*f, -n*c = -2*c. Let o(s) = -s**3 - s**2 + 1. Give o(f).
1
Let n(s) be the second derivative of 0 - 1/2*s**2 - 3/20*s**5 - 1/4*s**4 + 43*s + 1/6*s**3. What is n(2)?
-35
Let a(n) be the first derivative of 3*n**2 + 21*n - 137. Let z(g) = -2*g - 1. Let w(f) = -a(f) - 4*z(f). Calculate w(9).
1
Let r be (-10)/(-3)*(-30)/(-25). Suppose -2*x = -4*y, 4*y - r*x + x + 4 = 0. Let j(g) = -1 - 3*g**y - 2*g**2 + 2*g - 2*g**2 - 5*g**2. Calculate j(1).
-11
Let u be -6 - ((-56)/(-8) + -21) - 0. Let m(k) = k**2 - 8*k - 7. Determine m(u).
-7
Suppose -2*s + s = 0. Suppose s*f + 5*f = 20. Let n(x) be the third derivative of x**6/120 - x**5/20 - x**4/8 + x**3/3 - 105*x**2 + 4. Calculate n(f).
6
Let f(n) = -608*n**2 + 609*n**2 + 3 + n - 12*n. Suppose -148 = 3*p - 4*p - 3*y, y + 3 = 0. Let o = p - 148. Give f(o).
-15
Let d(p) = -25*p**3 + 2*p**2 - 2. Let j(k) = 150*k - 10349. Let n be j(69). Determine d(n).
-25
Let u(n) = 4*n. Let s(m) = 2*m**2 - 1. Let q be s(2). Let o be (-4 - 44/(-14))/(1/q). Let i(y) = 11*y. Let r(g) = o*i(g) + 17*u(g). Give r(-2).
-4
Let k = 5 + -5. Let o(g) be the second derivative of -g**5/60 - g**4/24 + 33*g**2 + 86*g. Let z(b) be the first derivative of o(b). What is z(k)?
0
Suppose 214 = 79*p - 6*p - 78. Let k(x) = -8*x + 41. Give k(p).
9
Let v(j) = 5*j - 7 - 2 + 27*j**2 - 1 + 12 - 7*j. Let u(b) = -15*b**2 + b - 1. Let w(q) = 11*u(q) + 6*v(q). Suppose -4*i = 3*a - 1 - 4, a = -1. Give w(i).
-13
Let o(w) = -17*w - 1722 + 608 + 663. Calculate o(-27).
8
Suppose 3 = 2*t + 3*k - 0*k, 4*t - 5*k - 17 = 0. Suppose t*a - 4 = -4*s, 2*s - 1 = -2*a + 1. Let w(h) = -2*h + 4. Give w(a).
4
Let u(v) = 0*v**3 + 8 + 4*v - 2*v - 2*v**3 + 4908705*v**2 + 3*v**3 - 4908702*v**2. Let k = 5 - 9. Give u(k).
-16
Let s = -476 - -475. Let f be 17 + s + -2 + -9. Let m(a) = a**3 - 3*a**2 - 7*a. Give m(f).
15
Let c = 43 + -38. Suppose 4*l - 3*x = 12, -4*l - 2*x + c = -7. Suppose l*q + 5*q = -48. Let o(f) = -4*f - 9. What is o(q)?
15
Suppose 2*q - 6*q - 16 = 0. Let h(s) = s + 1. Let y(b) be the second derivative of b**3/3 + 3*b**2/2 + 8*b. Let c(o) = 4*h(o) - y(o). Give c(q).
-7
Suppose -1733 + 5867 = -6*f. Let z be (-5)/(-6) + f/78. Let i(r) = r**3 + 8*r**2 - 3*r - 11. Determine i(z).
13
Let k be (8/6)/((-2)/(-6)). Let v(x) = x**3 - 4*x**2 - 1. Let h be v(k). Let q(l) = -24*l**3 + 5. Let y(g) = 5*g**3 - 1. Let p(a) = -q(a) - 5*y(a). Give p(h).
1
Let n(r) = 237*r + 45. Let c(y) = 147*y + 30. Let z(v) = -8*c(v) + 5*n(v). Give z(8).
57
Let u(c) = -3*c**2 + 16 + 5*c**2 + 2*c**2 - 2*c**2 + 27*c - 3*c**2. Calculate u(28).
-12
Let q(v) = -v - 114*v**3 + 64 - 153*v**3 + 266*v**3 + v**2. Determine q(0).
64
Let r(v) be the first derivative of -v**2 - 2*v + 1. Let g = 77560 - 77566. Give r(g).
10
Suppose -2*j + 20*p = 19*p - 25, -3*j - 4*p + 10 = 0. Let f(s) = -1 + 10*s - s - j*s + 2. Give f(9).
-8
Let d(q) = 287*q**2 - 32*q + 205. Let h(n) = -72*n**2 - 1. Let c(i) = d(i) + 4*h(i). Calculate c(-37).
16
Let t(n) = -20*n - 15. Let w(d) = -6*d - 4. Let l(m) = 3*t(m) - 8*w(m). Calculate l(6).
-85
Let r = -8565 + 8559. Let s(y) = -y**3 - 6*y**2 - y - 14. What is s(r)?
-8
Suppose 5 = -5*n + 3*o + 28, -4*o - 20 = -4*n. Let x(m) = m**2 - 2. Let u(j) = 5*j**2 - 6*j - 8. Let i(q) = n*x(q) - u(q). What is i(5)?
5
Let k(m) = -29*m**2 - 2*m - 1. Let p(n) = -3*n**3 - 100*n**2 - 35*n - 67. Let f be p(-33). Calculate k(f).
-28
Let x(c) = 7*c**2 + 29*c + 10. Let n(f) = 6*f**2 + 23*f + 12. Let g(r) = -5*n(r) + 4*x(r). What is g(5)?
-65
Suppose -53*u - 440 = -442 + 1009. Let b(z) = z**3 + 20*z**2 + 17*z - 22. Give b(u).
16
Let k(r) = -r**3 + 3*r**2 + 5*r - 4. Let f be 3 - (-7 - -3 - 1). Let z(i) = 5*i - 35. Let b be z(f). Give k(b).
-29
Let n = 107 - 628. Let r = n + 527. Let h(w) be the first derivative of w**4/4 - 2*w**3 - 6*w + 1. What is h(r)?
-6
Let q(a) be the third derivative of 0*a**4 + 1/120*a**6 - 1/60*a**5 + 1/6*a**3 + 0*a + 2 - 79*a**2. Give q(-1).
-1
Let v(k) be the second derivative of 0 - 5/2*k**2 - 16*k - 1/6*k**3. Let x(n) = -n - 4. Let c(d) = -6*v(d) + 7*x(d). Calculate c(0).
2
Let f be (-218)/(-14) - 18/(-42). Let a(c) = 2*c**2 + 2 - c**3 - 1 + f*c - 18*c. Suppose -4*v - 31*p + 4 = -29*p, -4*v + 4 = 3*p. What is a(v)?
0
Let u(h) be the first derivative of -h**5/120 - h**4/6 - h**3 - 3. Let n(x) be the third derivative of u(x). Give n(10).
-14
Let b(f) = -4*f + 2*f - 32 + 6*f + 2*f. Let q be b(6). Suppose 2 + q = k. Let n(r) = r**2 - 7*r + 1. What is n(k)?
-5
Let j be 0 + -1 + 2 + (-4)/(-1). Let d(r) = 6*r + 0 + 169*r**2 - 1 - 170*r**2. Determine d(j).
4
Suppose 0 = v + 1 - 3. Let x = -1 - v. Let n(k) be the third derivative of k**4/8 + k**3/3 + 785*k**2 + 3*k - 1. What is n(x)?
-7
Let d(h) = -10*h - 26079*h**3 - h**2 - 6*h + 26082*h**3 + 12*h. Determine d(2).
12
Let m(b) = b**2 - b**2 + 4206*b**3 + b - 420